 - 84*d**2 + 46*d + 51. What are the prime factors of r(-43)?
7, 11, 23
Let a be ((-12)/10)/(-4 + (-42)/(-10)). List the prime factors of (-12)/((-2)/(-4)*a/39).
2, 3, 13
Suppose -x - 4*x + 8088 = -3*k, 0 = 3*x + k - 4864. What are the prime factors of x?
2, 3, 5
Let h(x) = x**2 + 5*x - 3. Let u be h(-6). Suppose -u*v + 257 = -61. Suppose 3*m = -4*s + v, -3*s - 3*m = -5*s + 62. List the prime factors of s.
2, 7
List the prime factors of 20405/22 + (-2)/8*-2.
2, 29
Let n = -14 + 16. Let v(q) = 0 - n + 11*q - 14*q. List the prime factors of v(-14).
2, 5
Let f(b) = b**3 - 3*b**2 - 5*b + 4. Let u be f(4). Suppose 0 = -5*i - 10 - u, 0 = -3*d + 2*i + 133. Let v = d - 21. List the prime factors of v.
2, 11
Suppose -3*b = -2*y - 81, 5*b + 32 = -3*y - 137. Let t = y - -161. What are the prime factors of t?
113
Let l be (-3)/(-15) - (-168)/10. Suppose -94 = l*j - 19*j. What are the prime factors of j?
47
Suppose 5*v = 3*v. Suppose 5*o + 0 + 135 = v. Let h = -15 - o. List the prime factors of h.
2, 3
Let g(l) = l**3 + 14*l**2 + 20*l + 6. What are the prime factors of g(-11)?
149
List the prime factors of (-26)/(-1)*(-7)/((-112)/2472).
3, 13, 103
Suppose 7426 = 3*c + 2*o - 7*o, -3*c - 5*o = -7376. What are the prime factors of c?
2467
Suppose 0*w = 5*a - w - 1077, -w = 2*a - 435. What are the prime factors of a?
2, 3
List the prime factors of 1 + (-1)/(-1) - (-2614 + 343).
2273
Suppose -484 = -2*i - 2*i. Let u = i + -48. List the prime factors of u.
73
Let d(m) = -m**2 - 5*m + 2. Let g be d(-5). Let j(t) = -1 - 4*t**g + 3*t**2 - 6*t + 0*t**2. What are the prime factors of j(-4)?
7
Suppose -3*w - 4*g = -2561, -5*w + 1074 = 4*g - 3181. List the prime factors of w.
7, 11
Suppose c + z = 33, -5*c - 2*z + 30 = -4*c. Suppose 0 = -6*b - 0 - c. What are the prime factors of (-15)/b*(-54)/(-15)?
3
Let n(s) = 58*s**2 - 6*s + 3. What are the prime factors of n(2)?
223
Let i(v) = -v**3 - 4*v**2 - v - 1. Let s be i(-4). Suppose -s - 2 = -5*x. Suppose -x = -h + 10. What are the prime factors of h?
11
Let v be (-69)/(3/3*1). Suppose i - 6*i + 4*c = 510, i + 102 = -5*c. Let h = v - i. What are the prime factors of h?
3, 11
Suppose -3*r + 22 = 5*z, -r = -3*z + 2*r - 6. Let a(u) = u**z - 3 + 0*u - 4 - 5*u - 4. List the prime factors of a(10).
3, 13
Suppose 0 = 4*q - q - 9. Suppose 0 = -3*b + 2*o - 972, 0 = -b + 3*b + 5*o + 648. What are the prime factors of ((-2)/q)/(12/b)?
2, 3
Suppose 0 = k - 4, a + 3*k - 12 - 11 = 0. Let o = -9 + a. What are the prime factors of 25 - (1 + o - 0)?
2, 11
Suppose 5*p - 3*n = 15, -2*p - 5*n - 25 = -p. Suppose p*x - 5*l = -x + 59, 2*x = 2*l + 126. List the prime factors of x.
2
Suppose 2*i + 7 = -5*x, -5*i - 5*x + 1 + 4 = 0. Suppose -445 = -9*o + i*o. Suppose 5*y + 19 = o. What are the prime factors of y?
2, 7
Let u = 1141 - 426. What are the prime factors of u?
5, 11, 13
Let q(f) = -2*f**3 + 5*f**2 - 7*f + 15. Let c be q(4). Let w = 119 + c. List the prime factors of w.
2, 29
Let f(w) = 10*w**2 - 7*w - 12. List the prime factors of f(4).
2, 3, 5
Let c be -2 + -3 + (-27 - -2). Let f = c + 35. Let h = f + -3. List the prime factors of h.
2
Suppose 4*h - 4 = -4*l, -3*h = 5*l - 4 - 7. Let o be (-1)/((-131)/(-44) + h). Let s = o - 25. List the prime factors of s.
19
Let d(g) = 3*g - 4. Let o be d(-2). What are the prime factors of (-2)/5 + (-314)/o?
31
Let o(r) = -r**2 + 13*r - 1. Let q be o(15). Let v = -31 - q. Suppose -2*j - 3*j + 335 = v. What are the prime factors of j?
67
Suppose 3*g - 5*k - 1 = -0*k, -2*g - 4*k = 14. Suppose 2*x = l + 3*l - 440, 4*l - 460 = -3*x. What are the prime factors of (l/12)/(-2)*g?
2, 7
Suppose s - 3 = 3. Let v = s - -23. Suppose 121 + v = 6*q. What are the prime factors of q?
5
List the prime factors of 6945/6*24/30.
2, 463
Let h = 6580 + -3927. What are the prime factors of h?
7, 379
Let d(b) = 2*b**2 - 5*b + 2. Let g be d(3). Let u(l) = 13*l - 10. List the prime factors of u(g).
5, 11
Suppose 364 = 2*a + 4*y, -3*y + 531 = -2*a + 5*a. What are the prime factors of a?
2, 43
Let p = -613 + 942. What are the prime factors of p?
7, 47
Let d be (54 - 1) + (7 - 5). Suppose -8*k = -3*k + d. List the prime factors of (k/(-5))/((-3)/(-15)).
11
Suppose -c + 2*c - 2336 = i, c - 2348 = -5*i. What are the prime factors of c?
2, 7, 167
Let s(h) = -h - 9. Let f(g) = -g - 17. Let j(x) = -3*f(x) + 5*s(x). Let b be j(4). What are the prime factors of 36*(b + -1)/(-3)?
2, 3
Suppose 5*y = -5*t - 54 - 66, -y = -3*t + 16. Let a = -24 - y. List the prime factors of (4 - a*6) + 3.
19
Suppose g + 3*c - 489 = 0, 3*g - 1430 = 2*c + 26. List the prime factors of g.
2, 3
Suppose 3*d - 2*k - 17724 = 0, -7*d - 4*k - 29540 = -12*d. What are the prime factors of d?
2, 7, 211
List the prime factors of (1 + 0)/(30/16920).
2, 3, 47
Let l = -29 + 33. Suppose -l*u - 3 = -51. List the prime factors of (-75)/(u/(-8) - 0).
2, 5
Let z(o) = -o**2 + 17*o + 18. Let j be z(18). Suppose j = 5*r + 152 - 572. What are the prime factors of r?
2, 3, 7
Let s = 319 - -104. What are the prime factors of s?
3, 47
Suppose 5*k = 5*b + 3482 - 1412, 5*k + 2*b = 2084. Let s = k - 236. List the prime factors of s.
2, 3, 5
Let x(z) = z**3 - 2*z**2 - 5*z + 5. Suppose -5*p = -10*p - 70. Let l = -9 - p. List the prime factors of x(l).
5, 11
Let n(r) = -3 + 2 + 13*r - 12*r + 10*r**2. Let u be (-80)/45 + 4/(-18). What are the prime factors of n(u)?
37
Let y(a) = 3*a**2 + 5*a + 39. What are the prime factors of y(-12)?
3, 137
Let y = -28 - -40. Suppose y*z - 2009 = 295. What are the prime factors of z?
2, 3
Let v(w) = 4*w + 1 + 4 + 0*w**2 - w**2 + 2. Let c be v(5). Suppose -c*r - 12 = -6*r. List the prime factors of r.
3
Let b(a) = -25*a**2 - 4*a - 2. Let y be b(-2). Let i = -48 - y. What are the prime factors of i?
2, 23
Let h = 367 - 336. List the prime factors of h.
31
Let m(u) = -u**3 + 3*u**2 + 7*u - 2. Let b be m(5). Let p = b + 4. List the prime factors of ((-18)/(-6))/((-1)/p).
3, 13
Suppose 0 = d - 2*d. Suppose -5*r + 188 = 2*i, 2*i = r - d*i - 28. List the prime factors of r.
2, 3
Let f = 930 + -836. What are the prime factors of f?
2, 47
What are the prime factors of (-1617)/44*(-112)/6?
2, 7
Suppose -3*z - 7 = -4*y, 2*y - 4*z = -9*z - 29. What are the prime factors of 32 + (y - -4 - (4 - 3))?
3, 11
Let s(b) = 21*b - 4. Let h be s(-4). Let l be (-16)/h + (-86)/(-11). Suppose 5*r + l = -g + 2*g, 38 = 2*g + r. List the prime factors of g.
2, 3
Let d = 170 - 43. What are the prime factors of d?
127
Let w be (-34)/(-2) + (-8 - -4). Suppose w*d = 283 + 679. What are the prime factors of d?
2, 37
Let r = 12 + -8. Suppose -58 = -5*u + r*z, 3*u + 0*z + 3*z - 24 = 0. Let w = 27 - u. What are the prime factors of w?
17
Suppose 432 + 7598 = -10*c. Let d = -548 - c. What are the prime factors of d?
3, 5, 17
Let h(g) be the third derivative of -g**5/60 - g**4/4 + g**3/3 - 3*g**2. Let m be h(-7). List the prime factors of (-9)/(-6)*-2 - m.
2
Let t(b) = b**2 - 10*b - 4. Suppose 5*z - 6 = 44. Let g be t(z). What are the prime factors of (154/g)/(3/(-6))?
7, 11
Suppose -2*u + 62 = -42. Suppose -n + 23 + u = 0. What are the prime factors of n?
3, 5
Suppose 4 = 5*i - 6, -2*p - 4*i = 0. Let c be 2*p/(-16)*10. Suppose -c*x = -3*x - 8. List the prime factors of x.
2
Suppose -24787 - 6356 = -21*v. What are the prime factors of v?
1483
Let x(b) = -b**3 + 8*b**2 - 6*b + 12. What are the prime factors of x(-5)?
367
Suppose 4*o = 2*o - 4*q + 1872, 3*o - 2*q - 2816 = 0. What are the prime factors of o?
2, 7, 67
Suppose 4*t + 2896 - 8495 = -5*j, 0 = -4*j + 3*t + 4473. What are the prime factors of j?
3, 373
Let m(f) = -7*f**2 - 12*f + 7. Let v(y) = -15*y**2 - 23*y + 14. Let r = 16 - 22. Let x(u) = r*v(u) + 13*m(u). What are the prime factors of x(-14)?
3, 7
Let j(s) = s**2 + 10*s + 64 - 27 - 20 - 22. Let g(r) = 3*r + 4. Let i be g(-5). What are the prime factors of j(i)?
2, 3
Suppose 0 = 2*r + 2*r - 48. Suppose -2*h + r = 2. List the prime factors of 14 - (-2 + 12)/h.
2, 3
Suppose 4*b - 132 = 3*h, -3*h + 2*h = -4*b + 140. What are the prime factors of b?
2, 3
Let b = 11 + 9. List the prime factors of (39/15 - 3) + 3168/b.
2, 79
Let m be ((-268)/8)/(5/10). List the prime factors of ((-15)/10)/(1/2) - m.
2
Suppose 5*f + 1703 = 4*n, -5*n - 5*f + 7*f + 2133 = 0. List the prime factors of n.
7, 